{"id":551,"date":"2026-03-11T20:04:32","date_gmt":"2026-03-11T18:04:32","guid":{"rendered":"https:\/\/buero-fuer-kuratorische-forschung.de\/?page_id=551"},"modified":"2026-03-15T20:30:01","modified_gmt":"2026-03-15T18:30:01","slug":"artministration-teil-1","status":"publish","type":"page","link":"https:\/\/buero-fuer-kuratorische-forschung.de\/en\/artministration-teil-1\/","title":{"rendered":"Artministration Part 1"},"content":{"rendered":"<h2 class=\"wp-block-heading\">Ein partizipatives Ausstellungsprojekt des B\u00fcros f\u00fcr kuratorische Forschung<\/h2>\n\n\n\n<div style=\"height:26px\" aria-hidden=\"true\" class=\"wp-block-spacer\"><\/div>\n\n\n\n<p>Creating art, storing art, exhibiting art, and even viewing art are always also administrative acts. The often precarious life and work management of freelance artists and curators includes acquiring funding and documenting projects, tending to collections and personnel, visitor \u201cmanagement,\u201d and also maintaining technical exhibition infrastructure. The exhibition series Artministration of the bureau for curatorial research explores the fields of work of artists and curators with a focus on private, professional, and public administrative practices and processes, as well as the associated forms of knowledge.<\/p>\n\n\n\n<p>To kick off the series <em>Artministration, <\/em>visitors are invited to the new office of the bureau for curatorial research to submit and discuss topic suggestions for an open call exhibition. After the open call is published, the artistic submissions will be evaluated in a participatory process together with visitors and finally presented in an exhibition at the bureau for curatorial research. During office hours, the office team will be providing curatorial consultation.<\/p>\n\n\n\n<p>The results of the exhibition further expand the thematic scope of administrative acts in the field of art and culture and set priorities for future editions of the Artministration series in other administrative architectures. <\/p>\n\n\n\n<p><strong>Opening<\/strong>: Thu, 12 June 2025, 8 p.m.<br><strong>Duration<\/strong>: 13.6.-9.8.25<br><strong>Location<\/strong>: B\u00fcro f\u00fcr kuratorische Forschung, c\/o Galerie Nord | Kunstverein Tiergarten, Turmstra\u00dfe 75, 10551 Berlin<br><br><strong>Runtime<\/strong>: 13 Jun\u20139 Aug 2025, Tue\u2013Sat: 11 a.m.\u20137 p.m.<br><strong>Consultation hours<\/strong>: Wednesdays and Saturdays from 3 p.m. to 7 p.m. and by appointment at <a href=\"mailto:info@buero-fuer-kuratorische-forschung.de\">info@buero-fuer-kuratorische-forschung.de<\/a><\/p>\n\n\n\n<div style=\"height:20px\" aria-hidden=\"true\" class=\"wp-block-spacer\"><\/div>\n\n\n\n<div style=\"height:15px\" aria-hidden=\"true\" class=\"wp-block-spacer\"><\/div>\n\n\n\n<p><\/p>\n\n\n\n<div style=\"height:15px\" aria-hidden=\"true\" class=\"wp-block-spacer\"><\/div>\n\n\n\n<p><strong>Para. (1) Opening: Thu, 12th June 2025, 8pm<\/strong><\/p>\n\n\n\n<p>Office opening ceremony with DJ Hausverwaltung and refreshments.<\/p>\n\n\n\n<div style=\"height:15px\" aria-hidden=\"true\" class=\"wp-block-spacer\"><\/div>\n\n\n\n<p><strong>Para. (2) Circulationg mail folders<\/strong>: <strong>12. Jun.-9. Aug 2025, continuously<\/strong><\/p>\n\n\n\n<p>Reusable folders for mailing documents within the public authorities (\u201cUmlaufmappen\u201d) circulate between the bureau for curatorial research and the administration; curated by Roger Rohrbach.<\/p>\n\n\n\n<div style=\"height:15px\" aria-hidden=\"true\" class=\"wp-block-spacer\"><\/div>\n\n\n\n<p><strong>Para. (3) Excursion<\/strong>: <strong>Thu, 17 July at 6:57 p.m.<\/strong><\/p>\n\n\n\n<p>Excursion to the exhibition <em>Susanne Ring: K\u00f6rper Speicher Tempel <\/em>with artist talk. Meeting point: in the entrance area of the BKF.&nbsp;<\/p>\n\n\n\n<div style=\"height:15px\" aria-hidden=\"true\" class=\"wp-block-spacer\"><\/div>\n\n\n\n<p><strong>Para. (4) Opening of the open call exhibition \u201cArt and Bureaucracy\u201d: <strong>Wed, 23 July at 7 p.m.<\/strong>&nbsp;<\/strong><\/p>\n\n\n\n<p>The submissions received in response to the open call will be evaluated by visitors, and the selected entries will be presented in an exhibition at the bureau for curatorial research<\/p>\n\n\n\n<div style=\"height:15px\" aria-hidden=\"true\" class=\"wp-block-spacer\"><\/div>\n\n\n\n<p><strong>Para. (5) Curator's tour through the open call exhibition \"Art and Bureaucracy\"<\/strong> <strong>\"Art and Bureaucracy\"<\/strong>: <strong>Sat, 26 July at 5 p.m.<\/strong><\/p>\n\n\n\n<p>The curator's tour through the exhibition provides insights into the curatorial work and invites you to discuss the exhibited artworks.<\/p>\n\n\n\n<div style=\"height:15px\" aria-hidden=\"true\" class=\"wp-block-spacer\"><\/div>\n\n\n\n<p><strong>Para. (6) Finissage of the open call exhibition \"Art and Bureaucracy\"<\/strong> <strong>\"Art and Bureaucracy\"<\/strong>: <strong>Sat, 2 August at 5 p.m.<\/strong><\/p>\n\n\n\n<p>At the end of the open call exhibition, we look forward to having a drink with participating artists and interested visitors. Our closing event provides an opportunity to engage in conversation with the artists on site once again.<\/p>\n\n\n\n<div style=\"height:15px\" aria-hidden=\"true\" class=\"wp-block-spacer\"><\/div>\n\n\n\n<p><strong>Para. (7) Closing time for curatorial research<\/strong>, <strong>Sat, 9 August at 7 p.m. <\/strong><\/p>\n\n\n\n<p>At 7 p.m. it's closing time for the curators of the bureau for curatorial research. Together we will indulge in idleness with cold after-work drinks.<br><\/p>\n\n\n\n<div style=\"height:20px\" aria-hidden=\"true\" class=\"wp-block-spacer\"><\/div>\n\n\n\n<p><br>Das Ausstellungsprojekt in der Galerie Nord | Kunstverein Tiergarten wurde im Rahmen des kooperativen Regiemodells zwischen dem Kunstverein Tiergarten e.V. und dem Fachbereich Kunst, Kultur und Geschichte im Bezirksamt Mitte realisiert. Mit freundlicher Unterst\u00fctzung des bezirklichen F\u00f6rderfonds der Senatsverwaltung f\u00fcr Kultur und Gesellschaftlichen Zusammenhalt.<br><\/p>","protected":false},"excerpt":{"rendered":"<p>Ein partizipatives Ausstellungsprojekt des B\u00fcros f\u00fcr kuratorische Forschung Kunst zu machen, Kunst zu lagern, Kunst auszustellen und auch Kunst anzuschauen sind immer auch Verwaltungsakte. Zur oftmals prek\u00e4ren Lebens- und Arbeitsverwaltung freischaffender K\u00fcnstler*innen und Kurator*innen geh\u00f6ren F\u00f6rdermittelakquise und Projektdokumentation, die Pflege von Sammlungsbest\u00e4nden und Personalbetreuung, Besucher*innen-\u201dManagement\u201d oder auch die Instandhaltung technischer Ausstellungsinfrastruktur. Die Ausstellungsreihe Artministration des [&hellip;]<\/p>\n","protected":false},"author":1,"featured_media":0,"parent":0,"menu_order":0,"comment_status":"closed","ping_status":"closed","template":"","meta":{"footnotes":""},"class_list":["post-551","page","type-page","status-publish","hentry"],"_links":{"self":[{"href":"https:\/\/buero-fuer-kuratorische-forschung.de\/en\/wp-json\/wp\/v2\/pages\/551","targetHints":{"allow":["GET"]}}],"collection":[{"href":"https:\/\/buero-fuer-kuratorische-forschung.de\/en\/wp-json\/wp\/v2\/pages"}],"about":[{"href":"https:\/\/buero-fuer-kuratorische-forschung.de\/en\/wp-json\/wp\/v2\/types\/page"}],"author":[{"embeddable":true,"href":"https:\/\/buero-fuer-kuratorische-forschung.de\/en\/wp-json\/wp\/v2\/users\/1"}],"replies":[{"embeddable":true,"href":"https:\/\/buero-fuer-kuratorische-forschung.de\/en\/wp-json\/wp\/v2\/comments?post=551"}],"version-history":[{"count":3,"href":"https:\/\/buero-fuer-kuratorische-forschung.de\/en\/wp-json\/wp\/v2\/pages\/551\/revisions"}],"predecessor-version":[{"id":560,"href":"https:\/\/buero-fuer-kuratorische-forschung.de\/en\/wp-json\/wp\/v2\/pages\/551\/revisions\/560"}],"wp:attachment":[{"href":"https:\/\/buero-fuer-kuratorische-forschung.de\/en\/wp-json\/wp\/v2\/media?parent=551"}],"curies":[{"name":"wp","href":"https:\/\/api.w.org\/{rel}","templated":true}]}}

<h2 class="wp-block-heading">Ein partizipatives Ausstellungsprojekt des Büros für kuratorische Forschung</h2>



<div style="height:26px" aria-hidden="true" class="wp-block-spacer"></div>



<p>Creating art, storing art, exhibiting art, and even viewing art are always also administrative acts. The often precarious life and work management of freelance artists and curators includes acquiring funding and documenting projects, tending to collections and personnel, visitor “management,” and also maintaining technical exhibition infrastructure. The exhibition series Artministration of the bureau for curatorial research explores the fields of work of artists and curators with a focus on private, professional, and public administrative practices and processes, as well as the associated forms of knowledge.</p>



<p>To kick off the series <em>Artministration, </em>visitors are invited to the new office of the bureau for curatorial research to submit and discuss topic suggestions for an open call exhibition. After the open call is published, the artistic submissions will be evaluated in a participatory process together with visitors and finally presented in an exhibition at the bureau for curatorial research. During office hours, the office team will be providing curatorial consultation.</p>



<p>The results of the exhibition further expand the thematic scope of administrative acts in the field of art and culture and set priorities for future editions of the Artministration series in other administrative architectures. </p>



<p><strong>Opening</strong>: Thu, 12 June 2025, 8 p.m.<br><strong>Duration</strong>: 13.6.-9.8.25<br><strong>Location</strong>: Büro für kuratorische Forschung, c/o Galerie Nord | Kunstverein Tiergarten, Turmstraße 75, 10551 Berlin<br><br><strong>Runtime</strong>: 13 Jun–9 Aug 2025, Tue–Sat: 11 a.m.–7 p.m.<br><strong>Consultation hours</strong>: Wednesdays and Saturdays from 3 p.m. to 7 p.m. and by appointment at <a href="mailto:info@buero-fuer-kuratorische-forschung.de">info@buero-fuer-kuratorische-forschung.de</a></p>



<div style="height:20px" aria-hidden="true" class="wp-block-spacer"></div>



<div style="height:15px" aria-hidden="true" class="wp-block-spacer"></div>



<p></p>



<div style="height:15px" aria-hidden="true" class="wp-block-spacer"></div>



<p><strong>Para. (1) Opening: Thu, 12th June 2025, 8pm</strong></p>



<p>Office opening ceremony with DJ Hausverwaltung and refreshments.</p>



<div style="height:15px" aria-hidden="true" class="wp-block-spacer"></div>



<p><strong>Para. (2) Circulationg mail folders</strong>: <strong>12. Jun.-9. Aug 2025, continuously</strong></p>



<p>Reusable folders for mailing documents within the public authorities (“Umlaufmappen”) circulate between the bureau for curatorial research and the administration; curated by Roger Rohrbach.</p>



<div style="height:15px" aria-hidden="true" class="wp-block-spacer"></div>



<p><strong>Para. (3) Excursion</strong>: <strong>Thu, 17 July at 6:57 p.m.</strong></p>



<p>Excursion to the exhibition <em>Susanne Ring: Körper Speicher Tempel </em>with artist talk. Meeting point: in the entrance area of the BKF.&nbsp;</p>



<div style="height:15px" aria-hidden="true" class="wp-block-spacer"></div>



<p><strong>Para. (4) Opening of the open call exhibition “Art and Bureaucracy”: <strong>Wed, 23 July at 7 p.m.</strong>&nbsp;</strong></p>



<p>The submissions received in response to the open call will be evaluated by visitors, and the selected entries will be presented in an exhibition at the bureau for curatorial research</p>



<div style="height:15px" aria-hidden="true" class="wp-block-spacer"></div>



<p><strong>Para. (5) Curator's tour through the open call exhibition "Art and Bureaucracy"</strong> <strong>"Art and Bureaucracy"</strong>: <strong>Sat, 26 July at 5 p.m.</strong></p>



<p>The curator's tour through the exhibition provides insights into the curatorial work and invites you to discuss the exhibited artworks.</p>



<div style="height:15px" aria-hidden="true" class="wp-block-spacer"></div>



<p><strong>Para. (6) Finissage of the open call exhibition "Art and Bureaucracy"</strong> <strong>"Art and Bureaucracy"</strong>: <strong>Sat, 2 August at 5 p.m.</strong></p>



<p>At the end of the open call exhibition, we look forward to having a drink with participating artists and interested visitors. Our closing event provides an opportunity to engage in conversation with the artists on site once again.</p>



<div style="height:15px" aria-hidden="true" class="wp-block-spacer"></div>



<p><strong>Para. (7) Closing time for curatorial research</strong>, <strong>Sat, 9 August at 7 p.m. </strong></p>



<p>At 7 p.m. it's closing time for the curators of the bureau for curatorial research. Together we will indulge in idleness with cold after-work drinks.<br></p>



<div style="height:20px" aria-hidden="true" class="wp-block-spacer"></div>



<p><br>Das Ausstellungsprojekt in der Galerie Nord | Kunstverein Tiergarten wurde im Rahmen des kooperativen Regiemodells zwischen dem Kunstverein Tiergarten e.V. und dem Fachbereich Kunst, Kultur und Geschichte im Bezirksamt Mitte realisiert. Mit freundlicher Unterstützung des bezirklichen Förderfonds der Senatsverwaltung für Kultur und Gesellschaftlichen Zusammenhalt.<br></p>

<p>Ein partizipatives Ausstellungsprojekt des Büros für kuratorische Forschung Kunst zu machen, Kunst zu lagern, Kunst auszustellen und auch Kunst anzuschauen sind immer auch Verwaltungsakte. Zur oftmals prekären Lebens- und Arbeitsverwaltung freischaffender Künstler*innen und Kurator*innen gehören Fördermittelakquise und Projektdokumentation, die Pflege von Sammlungsbeständen und Personalbetreuung, Besucher*innen-”Management” oder auch die Instandhaltung technischer Ausstellungsinfrastruktur. Die Ausstellungsreihe Artministration des [&hellip;]</p>
