{"id":542,"date":"2026-03-15T20:33:43","date_gmt":"2026-03-15T18:33:43","guid":{"rendered":"https:\/\/buero-fuer-kuratorische-forschung.de\/?page_id=542"},"modified":"2026-03-17T15:17:13","modified_gmt":"2026-03-17T13:17:13","slug":"speedreview","status":"publish","type":"page","link":"https:\/\/buero-fuer-kuratorische-forschung.de\/en\/speedreview\/","title":{"rendered":"Speed Review"},"content":{"rendered":"<h2 class=\"wp-block-heading is-style-default\">Ein Portfolio-Walk f\u00fcr Berliner K\u00fcnstler*innen<\/h2>\n\n\n\n<div style=\"height:26px\" aria-hidden=\"true\" class=\"wp-block-spacer\"><\/div>\n\n\n\n<p>In Zusammenarbeit mit der Kommunalen Galerie Berlin und dem Fachbereich Kultur Charlottenburg-Wilmersdorf hat das B\u00fcro f\u00fcr Kuratorische Forschung Berliner K\u00fcnstler*innen zur Bewerbung f\u00fcr den Portfolio-Walk \u201cSpeed Review\u201d eingeladen.<\/p>\n\n\n\n<p>Von den zahlreichen hervorragenden Bewerbungen auf den Open Call hat eine Jury aus Berliner Kunst- und Kulturexpert*innen 8 K\u00fcnstler*innen ausgew\u00e4hlt:<\/p>\n\n\n\n<p><strong>Thomas Behling, Denise Flamme, Bob Jones, Yuki Jungesblut, Benjamin Kunath, Juli Schmidt, Isabell Schulte, and Protey Temen<\/strong> <\/p>\n\n\n\n<p>Die eingeladenen K\u00fcnstler*innen hatten am Sonntag, 16.11.2025 Gelegenheit, ihre Arbeit in der Kommunalen Galerie Berlin den Expert:innen vorzustellen. <br>Als Expert*innen waren eingeladen\u00a0<strong>Tu\u00e7e Erel (freie Kuratorin), Barbara H\u00f6ffer (Kommunale Galerie Berlin, vertreten durch Norbert Wiesneth), Lusin Reinsch (Zilberman Gallery) und Christoph Tannert (Autor und Kurator).<\/strong><\/p>\n\n\n\n<p>Im Anschluss an die intensiven Gespr\u00e4che zwischen K\u00fcnstler*innen und Kurator*innen \u00f6ffnete sich die Veranstaltung dem Publikum der Produzent:innenmesse \u201e3 Tage Kunst\u201c in der Kommunalen Galerie Berlin.<\/p>\n\n\n\n<p>\u201eSpeed Review\u201c wurde vom Fachbereich Kultur Charlottenburg-Wilmersdorf in Zusammenarbeit mit dem BKF \u2013 B\u00fcro f\u00fcr kuratorische Forschung veranstaltet.<\/p>\n\n\n\n<hr class=\"wp-block-separator has-alpha-channel-opacity\"\/>\n\n\n\n<p><\/p>","protected":false},"excerpt":{"rendered":"<p>Ein Portfolio-Walk f\u00fcr Berliner K\u00fcnstler*innen In Zusammenarbeit mit der Kommunalen Galerie Berlin und dem Fachbereich Kultur Charlottenburg-Wilmersdorf hat das B\u00fcro f\u00fcr Kuratorische Forschung Berliner K\u00fcnstler*innen zur Bewerbung f\u00fcr den Portfolio-Walk \u201cSpeed Review\u201d eingeladen. Von den zahlreichen hervorragenden Bewerbungen auf den Open Call hat eine Jury aus Berliner Kunst- und Kulturexpert*innen 8 K\u00fcnstler*innen ausgew\u00e4hlt: Thomas Behling, [&hellip;]<\/p>\n","protected":false},"author":1,"featured_media":0,"parent":0,"menu_order":0,"comment_status":"closed","ping_status":"closed","template":"","meta":{"footnotes":""},"class_list":["post-542","page","type-page","status-publish","hentry"],"_links":{"self":[{"href":"https:\/\/buero-fuer-kuratorische-forschung.de\/en\/wp-json\/wp\/v2\/pages\/542","targetHints":{"allow":["GET"]}}],"collection":[{"href":"https:\/\/buero-fuer-kuratorische-forschung.de\/en\/wp-json\/wp\/v2\/pages"}],"about":[{"href":"https:\/\/buero-fuer-kuratorische-forschung.de\/en\/wp-json\/wp\/v2\/types\/page"}],"author":[{"embeddable":true,"href":"https:\/\/buero-fuer-kuratorische-forschung.de\/en\/wp-json\/wp\/v2\/users\/1"}],"replies":[{"embeddable":true,"href":"https:\/\/buero-fuer-kuratorische-forschung.de\/en\/wp-json\/wp\/v2\/comments?post=542"}],"version-history":[{"count":13,"href":"https:\/\/buero-fuer-kuratorische-forschung.de\/en\/wp-json\/wp\/v2\/pages\/542\/revisions"}],"predecessor-version":[{"id":575,"href":"https:\/\/buero-fuer-kuratorische-forschung.de\/en\/wp-json\/wp\/v2\/pages\/542\/revisions\/575"}],"wp:attachment":[{"href":"https:\/\/buero-fuer-kuratorische-forschung.de\/en\/wp-json\/wp\/v2\/media?parent=542"}],"curies":[{"name":"wp","href":"https:\/\/api.w.org\/{rel}","templated":true}]}}

<h2 class="wp-block-heading is-style-default">Ein Portfolio-Walk für Berliner Künstler*innen</h2>



<div style="height:26px" aria-hidden="true" class="wp-block-spacer"></div>



<p>In Zusammenarbeit mit der Kommunalen Galerie Berlin und dem Fachbereich Kultur Charlottenburg-Wilmersdorf hat das Büro für Kuratorische Forschung Berliner Künstler*innen zur Bewerbung für den Portfolio-Walk “Speed Review” eingeladen.</p>



<p>Von den zahlreichen hervorragenden Bewerbungen auf den Open Call hat eine Jury aus Berliner Kunst- und Kulturexpert*innen 8 Künstler*innen ausgewählt:</p>



<p><strong>Thomas Behling, Denise Flamme, Bob Jones, Yuki Jungesblut, Benjamin Kunath, Juli Schmidt, Isabell Schulte, and Protey Temen</strong> </p>



<p>Die eingeladenen Künstler*innen hatten am Sonntag, 16.11.2025 Gelegenheit, ihre Arbeit in der Kommunalen Galerie Berlin den Expert:innen vorzustellen. <br>Als Expert*innen waren eingeladen <strong>Tuçe Erel (freie Kuratorin), Barbara Höffer (Kommunale Galerie Berlin, vertreten durch Norbert Wiesneth), Lusin Reinsch (Zilberman Gallery) und Christoph Tannert (Autor und Kurator).</strong></p>



<p>Im Anschluss an die intensiven Gespräche zwischen Künstler*innen und Kurator*innen öffnete sich die Veranstaltung dem Publikum der Produzent:innenmesse „3 Tage Kunst“ in der Kommunalen Galerie Berlin.</p>



<p>„Speed Review“ wurde vom Fachbereich Kultur Charlottenburg-Wilmersdorf in Zusammenarbeit mit dem BKF – Büro für kuratorische Forschung veranstaltet.</p>



<hr class="wp-block-separator has-alpha-channel-opacity"/>



<p></p>

<p>Ein Portfolio-Walk für Berliner Künstler*innen In Zusammenarbeit mit der Kommunalen Galerie Berlin und dem Fachbereich Kultur Charlottenburg-Wilmersdorf hat das Büro für Kuratorische Forschung Berliner Künstler*innen zur Bewerbung für den Portfolio-Walk “Speed Review” eingeladen. Von den zahlreichen hervorragenden Bewerbungen auf den Open Call hat eine Jury aus Berliner Kunst- und Kulturexpert*innen 8 Künstler*innen ausgewählt: Thomas Behling, [&hellip;]</p>
