{"id":399,"date":"2025-06-21T16:26:29","date_gmt":"2025-06-21T16:26:29","guid":{"rendered":"https:\/\/buero-fuer-kuratorische-forschung.de\/?page_id=399"},"modified":"2025-06-22T15:38:36","modified_gmt":"2025-06-22T15:38:36","slug":"opencall","status":"publish","type":"page","link":"https:\/\/buero-fuer-kuratorische-forschung.de\/en\/opencall\/","title":{"rendered":"OPEN CALL FOR ARTISTS"},"content":{"rendered":"<p><\/p>\n\n\n\n<p>  &#8211; english version below &#8211;<\/p>\n\n\n\n<p><\/p>\n\n\n\n<p>Das BKF l\u00e4dt K\u00fcnstler*innen aller Sparten ein, sich mit einer k\u00fcnstlerischen Arbeit zum Thema Kunst und B\u00fcrokratie zu bewerben. Medium und Format sind frei w\u00e4hlbar! Die eingereichten Bewerbungen werden in s\/w ausgedruckt, im Raum pr\u00e4sentiert und durch unsere Besucher*innen in einem offenen partizipativen Juryprozess ausgew\u00e4hlt.<br>Die Arbeiten mit den meisten Stimmen werden vom 23.7. bis zum 2.8. im Rahmen einer Ausstellung im BKF, \u2105 Galerie Nord | Kunstverein Tiergarten, Turmstra\u00dfe 75, 10551 Berlin pr\u00e4sentiert. <br>Auch Dokumentationen k\u00fcnstlerischer Arbeiten k\u00f6nnen eingereicht und gezeigt werden.<br>W\u00e4hrend des gesamten Ausschreibungszeitraums bietet das BKF Beratung f\u00fcr interessierte K\u00fcnstler*innen an (bitte die Sprechzeiten beachten).<\/p>\n\n\n\n<p>Wir freuen uns auf Eure Bewerbungen!<\/p>\n\n\n\n<p><strong>DEADLINE: 5.7.2025, 23:59 Uhr<\/strong><\/p>\n\n\n\n<p>einzureichende Unterlagen: Konzeptentwurf und Portfolio (insgesamt max. 9 DIN A4-Seiten)<\/p>\n\n\n\n<ul class=\"wp-block-list\">\n<li>bitte per E-Mail an: <a href=\"mailto:info@buero-fuer-kuratorische-forschung.de\">info@buero-fuer-kuratorische-forschung.de<\/a><\/li>\n\n\n\n<li>oder postalisch: BKF \u2105 Kunstverein Tiergarten, Turmstra\u00dfe 75, 10551 Berlin<\/li>\n\n\n\n<li>oder pers\u00f6nlich zu den Sprechzeiten: Mittwochs und Samstags 15 \u2013 19 Uhr<\/li>\n\n\n\n<li>oder pers\u00f6nlich zu den \u00d6ffnungszeiten: Dienstags \u2013 Samstags 11 \u2013 19 Uhr (bitte die Ablage \u201cPosteingang\u201d benutzen)<\/li>\n<\/ul>\n\n\n\n<p>Sp\u00e4ter eingehende Bewerbungen oder Unterlagen, die nicht den Formatvorgaben entsprechen, k\u00f6nnen nicht ber\u00fccksichtigt werden.<br>Eingereichte Portfolios und Konzepte werden nach Projektende ins Archiv des BKF eingehen und k\u00f6nnen auf Antrag eingesehen werden.<\/p>\n\n\n\n<ul class=\"wp-block-list\">\n<li>Ausstellungser\u00f6ffnung: Mittwoch, 23.7. ab 19 Uhr<\/li>\n\n\n\n<li>Kurator*innenrundgang: Samstag, 26.7. um 17 Uhr<\/li>\n\n\n\n<li>Finissage: Samstag, 2.8. ab 17 Uhr<\/li>\n<\/ul>\n\n\n\n<div style=\"height:10px\" aria-hidden=\"true\" class=\"wp-block-spacer\"><\/div>\n\n\n\n<p>&#8230;<\/p>\n\n\n\n<div style=\"height:10px\" aria-hidden=\"true\" class=\"wp-block-spacer\"><\/div>\n\n\n\n<p>The BKF invites artists of all disciplines to apply with an artistic work addressing the topic of art and bureaucracy. Medium and format are up to you! The submitted applications will be printed in b\/w, presented in the room and selected by our visitors in an open participatory jury process.<br>The entries with the most votes will be presented in an exhibition at the BKF, \u2105 Galerie Nord | Kunstverein Tiergarten, Turmstra\u00dfe 75, 10551 Berlin, from 23 July to 2 August. <br>Documentation of artistic works can also be submitted and shown.<br>Throughout the entire application period, the BKF offers counselling for interested artists (please note our consultation hours).<\/p>\n\n\n\n<p>We look forward to your applications!<\/p>\n\n\n\n<p><strong>DEADLINE: 5 July 2025, 11:59 pm<\/strong><\/p>\n\n\n\n<p>Documents to be submitted: Concept draft and portfolio (max. 9 DIN A4 pages in total)<\/p>\n\n\n\n<ul class=\"wp-block-list\">\n<li>please submit by e-mail to: <a href=\"mailto:info@buero-fuer-kuratorische-forschung.de\">info@buero-fuer-kuratorische-forschung.de<\/a><\/li>\n\n\n\n<li>or by post: BKF, c\/o Kunstverein Tiergarten, Turmstra\u00dfe 75, 10551 Berlin, Germany<\/li>\n\n\n\n<li>or in person during consultation hours: Wednesdays and Saturdays 3 &#8211; 7 pm<\/li>\n\n\n\n<li>or in person during opening hours: Tuesdays &#8211; Saturdays 11 am &#8211; 7 pm (please use the \u201c&#8217;Inbox\u201d&#8216; tray)<\/li>\n<\/ul>\n\n\n\n<p>Applications received after this date or documents that do not meet the format requirements cannot be considered.<br>Submitted portfolios and concepts will be included in the BKF archive once the project is completed and can be viewed upon request.<\/p>\n\n\n\n<ul class=\"wp-block-list\">\n<li>Exhibition opening: Wednesday, 23 July from 7 pm<\/li>\n<\/ul>\n\n\n\n<ul class=\"wp-block-list\">\n<li>Curator&#8217;s tour: Saturday, 26 July at 5 pm<\/li>\n<\/ul>\n\n\n\n<ul class=\"wp-block-list\">\n<li>Finissage: Saturday, 2 August from 5 pm<\/li>\n<\/ul>","protected":false},"excerpt":{"rendered":"<p>&#8211; english version below &#8211; Das BKF l\u00e4dt K\u00fcnstler*innen aller Sparten ein, sich mit einer k\u00fcnstlerischen Arbeit zum Thema Kunst und B\u00fcrokratie zu bewerben. Medium und Format sind frei w\u00e4hlbar! Die eingereichten Bewerbungen werden in s\/w ausgedruckt, im Raum pr\u00e4sentiert und durch unsere Besucher*innen in einem offenen partizipativen Juryprozess ausgew\u00e4hlt.Die Arbeiten mit den meisten Stimmen [&hellip;]<\/p>\n","protected":false},"author":1,"featured_media":0,"parent":0,"menu_order":0,"comment_status":"closed","ping_status":"closed","template":"","meta":{"footnotes":""},"class_list":["post-399","page","type-page","status-publish","hentry"],"_links":{"self":[{"href":"https:\/\/buero-fuer-kuratorische-forschung.de\/en\/wp-json\/wp\/v2\/pages\/399","targetHints":{"allow":["GET"]}}],"collection":[{"href":"https:\/\/buero-fuer-kuratorische-forschung.de\/en\/wp-json\/wp\/v2\/pages"}],"about":[{"href":"https:\/\/buero-fuer-kuratorische-forschung.de\/en\/wp-json\/wp\/v2\/types\/page"}],"author":[{"embeddable":true,"href":"https:\/\/buero-fuer-kuratorische-forschung.de\/en\/wp-json\/wp\/v2\/users\/1"}],"replies":[{"embeddable":true,"href":"https:\/\/buero-fuer-kuratorische-forschung.de\/en\/wp-json\/wp\/v2\/comments?post=399"}],"version-history":[{"count":13,"href":"https:\/\/buero-fuer-kuratorische-forschung.de\/en\/wp-json\/wp\/v2\/pages\/399\/revisions"}],"predecessor-version":[{"id":424,"href":"https:\/\/buero-fuer-kuratorische-forschung.de\/en\/wp-json\/wp\/v2\/pages\/399\/revisions\/424"}],"wp:attachment":[{"href":"https:\/\/buero-fuer-kuratorische-forschung.de\/en\/wp-json\/wp\/v2\/media?parent=399"}],"curies":[{"name":"wp","href":"https:\/\/api.w.org\/{rel}","templated":true}]}}

<p></p>



<p>  &#8211; english version below &#8211;</p>



<p></p>



<p>Das BKF lädt Künstler*innen aller Sparten ein, sich mit einer künstlerischen Arbeit zum Thema Kunst und Bürokratie zu bewerben. Medium und Format sind frei wählbar! Die eingereichten Bewerbungen werden in s/w ausgedruckt, im Raum präsentiert und durch unsere Besucher*innen in einem offenen partizipativen Juryprozess ausgewählt.<br>Die Arbeiten mit den meisten Stimmen werden vom 23.7. bis zum 2.8. im Rahmen einer Ausstellung im BKF, ℅ Galerie Nord | Kunstverein Tiergarten, Turmstraße 75, 10551 Berlin präsentiert. <br>Auch Dokumentationen künstlerischer Arbeiten können eingereicht und gezeigt werden.<br>Während des gesamten Ausschreibungszeitraums bietet das BKF Beratung für interessierte Künstler*innen an (bitte die Sprechzeiten beachten).</p>



<p>Wir freuen uns auf Eure Bewerbungen!</p>



<p><strong>DEADLINE: 5.7.2025, 23:59 Uhr</strong></p>



<p>einzureichende Unterlagen: Konzeptentwurf und Portfolio (insgesamt max. 9 DIN A4-Seiten)</p>



<ul class="wp-block-list">
<li>bitte per E-Mail an: <a href="mailto:info@buero-fuer-kuratorische-forschung.de">info@buero-fuer-kuratorische-forschung.de</a></li>



<li>oder postalisch: BKF ℅ Kunstverein Tiergarten, Turmstraße 75, 10551 Berlin</li>



<li>oder persönlich zu den Sprechzeiten: Mittwochs und Samstags 15 – 19 Uhr</li>



<li>oder persönlich zu den Öffnungszeiten: Dienstags – Samstags 11 – 19 Uhr (bitte die Ablage “Posteingang” benutzen)</li>
</ul>



<p>Später eingehende Bewerbungen oder Unterlagen, die nicht den Formatvorgaben entsprechen, können nicht berücksichtigt werden.<br>Eingereichte Portfolios und Konzepte werden nach Projektende ins Archiv des BKF eingehen und können auf Antrag eingesehen werden.</p>



<ul class="wp-block-list">
<li>Ausstellungseröffnung: Mittwoch, 23.7. ab 19 Uhr</li>



<li>Kurator*innenrundgang: Samstag, 26.7. um 17 Uhr</li>



<li>Finissage: Samstag, 2.8. ab 17 Uhr</li>
</ul>



<div style="height:10px" aria-hidden="true" class="wp-block-spacer"></div>



<p>&#8230;</p>



<div style="height:10px" aria-hidden="true" class="wp-block-spacer"></div>



<p>The BKF invites artists of all disciplines to apply with an artistic work addressing the topic of art and bureaucracy. Medium and format are up to you! The submitted applications will be printed in b/w, presented in the room and selected by our visitors in an open participatory jury process.<br>The entries with the most votes will be presented in an exhibition at the BKF, ℅ Galerie Nord | Kunstverein Tiergarten, Turmstraße 75, 10551 Berlin, from 23 July to 2 August. <br>Documentation of artistic works can also be submitted and shown.<br>Throughout the entire application period, the BKF offers counselling for interested artists (please note our consultation hours).</p>



<p>We look forward to your applications!</p>



<p><strong>DEADLINE: 5 July 2025, 11:59 pm</strong></p>



<p>Documents to be submitted: Concept draft and portfolio (max. 9 DIN A4 pages in total)</p>



<ul class="wp-block-list">
<li>please submit by e-mail to: <a href="mailto:info@buero-fuer-kuratorische-forschung.de">info@buero-fuer-kuratorische-forschung.de</a></li>



<li>or by post: BKF, c/o Kunstverein Tiergarten, Turmstraße 75, 10551 Berlin, Germany</li>



<li>or in person during consultation hours: Wednesdays and Saturdays 3 &#8211; 7 pm</li>



<li>or in person during opening hours: Tuesdays &#8211; Saturdays 11 am &#8211; 7 pm (please use the “&#8217;Inbox”&#8216; tray)</li>
</ul>



<p>Applications received after this date or documents that do not meet the format requirements cannot be considered.<br>Submitted portfolios and concepts will be included in the BKF archive once the project is completed and can be viewed upon request.</p>



<ul class="wp-block-list">
<li>Exhibition opening: Wednesday, 23 July from 7 pm</li>
</ul>



<ul class="wp-block-list">
<li>Curator&#8217;s tour: Saturday, 26 July at 5 pm</li>
</ul>



<ul class="wp-block-list">
<li>Finissage: Saturday, 2 August from 5 pm</li>
</ul>

<p>&#8211; english version below &#8211; Das BKF lädt Künstler*innen aller Sparten ein, sich mit einer künstlerischen Arbeit zum Thema Kunst und Bürokratie zu bewerben. Medium und Format sind frei wählbar! Die eingereichten Bewerbungen werden in s/w ausgedruckt, im Raum präsentiert und durch unsere Besucher*innen in einem offenen partizipativen Juryprozess ausgewählt.Die Arbeiten mit den meisten Stimmen [&hellip;]</p>
